s 2751538091 prime?
False
Is 420349031 a prime number?
False
Is 108917819471 composite?
False
Is 24939637253 a prime number?
False
Is 476511613 prime?
True
Is 108828330311 a composite number?
False
Is 12301108349 prime?
True
Is 155758782859 prime?
True
Is 1633508899 prime?
False
Is 441998771 a prime number?
True
Is 108067493 a composite number?
False
Is 10593148243 prime?
True
Is 14142422729 prime?
True
Is 20959334779 prime?
True
Is 4604417297 a composite number?
False
Is 198694061177 a prime number?
False
Is 1057664521 a prime number?
False
Is 853886101 prime?
True
Is 226940899 a composite number?
False
Is 6658340569 a prime number?
True
Is 1718568469 prime?
True
Is 2330676169 composite?
False
Is 5440580341 a composite number?
True
Is 3439850099 a composite number?
True
Is 4441561093 composite?
True
Is 1134261629 prime?
False
Is 157384560065 prime?
False
Is 1690978649 a composite number?
False
Is 911743733 prime?
False
Is 58637663699 a composite number?
False
Is 33974801769 a composite number?
True
Is 6528043909 prime?
False
Is 46135073779 a prime number?
False
Is 2243255557 a composite number?
False
Is 1164845893 composite?
True
Is 20144331359 a composite number?
False
Is 6307849529 prime?
True
Is 433283303 prime?
False
Is 8138133767 a prime number?
False
Is 40217309339 a composite number?
True
Is 2978988577 a composite number?
True
Is 1011840509 prime?
False
Is 250311055 composite?
True
Is 171196751093 prime?
False
Is 471426091 composite?
False
Is 183694429 a prime number?
False
Is 2268067999 a composite number?
False
Is 25927145929 composite?
False
Is 414548149 a prime number?
True
Is 33187594043 composite?
True
Is 14448439267 a composite number?
True
Is 7456775033 composite?
True
Is 1926869713 a prime number?
True
Is 10360768037 a composite number?
False
Is 328281773 composite?
False
Is 18117196771 a composite number?
False
Is 54094579403 a prime number?
False
Is 211120616677 composite?
False
Is 4618710067 a prime number?
True
Is 25563063209 a prime number?
True
Is 5634580651 prime?
False
Is 20453670651 prime?
False
Is 62629003133 a prime number?
True
Is 2093823007 composite?
True
Is 1287502355 prime?
False
Is 558697619 a prime number?
True
Is 291606059 a prime number?
False
Is 31790042923 composite?
False
Is 11907899933 a prime number?
True
Is 10241817823 a composite number?
False
Is 287531977 a composite number?
True
Is 11199865683 composite?
True
Is 1198995751 a composite number?
False
Is 3338174687 composite?
False
Is 41179797733 a prime number?
False
Is 25797596227 a composite number?
True
Is 2287435819 a prime number?
True
Is 6662923733 a prime number?
True
Is 7185425165 prime?
False
Is 3328697329 composite?
True
Is 95407041233 composite?
True
Is 1656067661 a prime number?
True
Is 13766178857 a composite number?
False
Is 2018418781 composite?
False
Is 123130898821 composite?
True
Is 2198111867 prime?
False
Is 7316321541 composite?
True
Is 9312756143 prime?
False
Is 117296999 a composite number?
False
Is 1350633673 composite?
False
Is 977306941 prime?
False
Is 38660859241 composite?
False
Is 357824461 a composite number?
False
Is 2670793381 prime?
False
Is 551678977 a composite number?
True
Is 9009172369 a composite number?
True
Is 3122257331 a composite number?
False
Is 28746985 composite?
True
Is 1180269709 composite?
True
Is 407102881 prime?
False
Is 7061374849 prime?
False
Is 3327845839 composite?
True
Is 69735944347 a prime number?
True
Is 713119679 a prime number?
True
Is 34586955421 composite?
False
Is 259924957399 composite?
True
Is 4639450961 composite?
False
Is 41003252861 composite?
False
Is 1494795413 a composite number?
False
Is 159910747 prime?
True
Is 2432837417 prime?
False
Is 17668651993 a composite number?
True
Is 2656370903 prime?
True
Is 226518713 prime?
False
Is 743911457 composite?
True
Is 1091539177 prime?
True
Is 779383229 a prime number?
True
Is 29518894511 a composite number?
True
Is 634160011 a prime number?
False
Is 7472668051 a prime number?
False
Is 2660987729 prime?
True
Is 208311239 composite?
False
Is 78962246249 composite?
False
Is 1167706227 a composite number?
True
Is 32555442407 a prime number?
False
Is 160146037 prime?
True
Is 83056027 composite?
True
Is 79286387 prime?
True
Is 5605174219 composite?
False
Is 4638184673 composite?
True
Is 147728948141 composite?
False
Is 12658156507 a prime number?
True
Is 729529303 a prime number?
False
Is 1330319301 composite?
True
Is 2387538487 a prime number?
True
Is 7648829401 prime?
True
Is 26760820087 a composite number?
True
Is 877981261 composite?
False
Is 15260771371 a composite number?
True
Is 2148814049 composite?
False
Is 8208667631 a prime number?
True
Is 36466597217 composite?
True
Is 100480486957 a prime number?
True
Is 195295448459 a prime number?
True
Is 25366598293 composite?
True
Is 311226101 composite?
False
Is 20725250717 prime?
False
Is 4626654167 composite?
True
Is 4991759666 a prime number?
False
Is 8466217735 a composite number?
True
Is 4969484783 composite?
False
Is 29143747687 composite?
False
Is 4127861281 a prime number?
True
Is 10323483707 a prime number?
True
Is 1022242477 a composite number?
False
Is 3011004089 prime?
True
Is 9853645493 composite?
False
Is 16195681913 prime?
True
Is 732717613 prime?
False
Is 10327659695 a composite number?
True
Is 15965444563 a composite number?
True
Is 846344131 a prime number?
False
Is 32312848969 prime?
True
Is 1958181177 a prime number?
False
Is 1850629679 composite?
False
Is 664926791 prime?
True
Is 34648132573 composite?
False
Is 2290230974 a composite number?
True
Is 73471427221 composite?
False
Is 221786102377 composite?
True
Is 83284495967 prime?
True
Is 3425747957 composite?
True
Is 165965550889 a prime number?
False
Is 9148721429 a composite number?
True
Is 70453117831 a prime number?
True
Is 9190386187 a composite number?
False
Is 1627919723 a composite number?
False
Is 8815601029 a composite number?
False
Is 259605023 a composite number?
False
Is 227886863 prime?
True
Is 430210873 a prime number?
True
Is 30394663759 prime?
True
Is 56832061537 prime?
False
Is 17632472281 a composite number?
False
Is 1405750537 a composite number?
False
Is 3699590593 prime?
False
Is 1231253641 prime?
False
Is 24511593203 a prime number?
True
Is 1966285779 composite?
True
Is 690383973 composite?
True
Is 101666402701 composite?
False
Is 1312042285 a prime number?
False
Is 43955969 a composite number?
True
Is 62466431045 a composite number?
True
Is 16107576599 composite?
False
Is 1368569429 a prime number?
True
Is 1786616989 prime?
False
Is 454353433 prime?
False
Is 1985647457 a composite number?
True
Is 4049367019 a prime number?
True
Is 23365747 a prime number?
True
Is 5812597543 prime?
True
Is 11945598779 prime?
False
Is 3343182851 a prime number?
False
Is 791041579 prime?
True
Is 23196539059 prime?
True
Is 154225099709 prime?
False
Is 366695009 a composite number?
True
Is 450727157 composite?
True
Is 80605076759 a composite number?
True
Is 4500714821 composite?
True
Is 25940873669 a composite number?
False
Is 595032989 prime?
True
Is 55253240641 a prime number?
True
Is 13682736157 prime?
True
Is 1886108669 prime?
True
Is 672924047 a prime number?
True
Is 46926589 composite?
False
Is 96769038427 composite?
True
Is 8595183035 a composite number?
True
Is 288290357 a composite number?
True
Is 67545103 a composite number?
True
Is 33658462447 a composite number?
True
Is 35974047583 composite?
True
Is 141034141903 a composite number?
False
Is 299444657 prime?
False
Is 34505097709 a prime number?
False
Is 3803935243 prime?
True
Is 1413511447 a composite number?
False
Is 1925625311 a composite number?
True
Is 21042317771 a composite number?
True
Is 22182355121 composite?
False
Is 421775221 prime?
False
Is 14121852097 composite?
True
Is 344572691 prime?
True
Is 749371633 a composite number?
False
Is 102549252781 composite?
True
Is 228986827 prime?
False
Is 20847480601 a composite number?
True
Is 170316239 prime?
False
Is 1571165989 a prime number?
True
Is 272316827 a prime number?
True
Is 145043692121 a composite number?
False
Is 51886605287 a prime number?
False
Is 495342833 prime?
False
Is 319253227 a composite number?
True
Is 185383787 composite?
True
Is 609401759 prime?
True
Is 14167909867 composite?
Fal